440261.
13577, 108893
What are the prime factors of 95768501?
95768501
List the prime factors of 5907230.
2, 5, 7, 84389
List the prime factors of 57813670.
2, 5, 347, 16661
List the prime factors of 11490280.
2, 5, 287257
List the prime factors of 298293349.
47, 6346667
What are the prime factors of 266112319?
11, 179, 135151
List the prime factors of 1990284172.
2, 199, 2500357
What are the prime factors of 232640814?
2, 3, 7, 23, 240829
What are the prime factors of 336974948?
2, 1931, 43627
What are the prime factors of 3178981764?
2, 3, 7, 53, 238019
What are the prime factors of 845181755?
5, 11, 15366941
What are the prime factors of 1064811595?
5, 197, 1081027
List the prime factors of 79549832.
2, 9943729
List the prime factors of 4966120576.
2, 1609, 24113
List the prime factors of 2695743549.
3, 71, 2039, 2069
List the prime factors of 299210956.
2, 11, 23, 295663
What are the prime factors of 77594880?
2, 3, 5, 11, 167
List the prime factors of 4871757996.
2, 3, 7, 2063, 9371
List the prime factors of 72800465.
5, 941, 15473
What are the prime factors of 24053498?
2, 7, 1718107
List the prime factors of 31392296.
2, 13, 151, 1999
List the prime factors of 3931651266.
2, 3, 19, 34488169
List the prime factors of 150969968.
2, 9435623
List the prime factors of 256034903.
256034903
What are the prime factors of 2790637739?
229, 12186191
What are the prime factors of 297552282?
2, 3, 53, 935699
List the prime factors of 128752750.
2, 5, 7, 29, 43, 59
What are the prime factors of 494790125?
5, 71, 197, 283
List the prime factors of 613056990.
2, 3, 5, 7, 13, 224563
List the prime factors of 139672145.
5, 509, 54881
What are the prime factors of 210734333?
210734333
List the prime factors of 102499125.
3, 5, 443, 617
List the prime factors of 2479912123.
13, 190762471
What are the prime factors of 12387366?
2, 3, 688187
What are the prime factors of 22294073?
653, 34141
List the prime factors of 86408166.
2, 3, 13, 1107797
List the prime factors of 691426454.
2, 19, 149, 122117
List the prime factors of 83076106.
2, 71, 585043
List the prime factors of 155514764.
2, 2531, 15361
List the prime factors of 800873205.
3, 5, 11, 311, 15607
List the prime factors of 89152657.
11, 1637, 4951
What are the prime factors of 405262225?
5, 31, 522919
What are the prime factors of 96057325?
5, 7, 13, 42223
List the prime factors of 39598871.
13, 3046067
List the prime factors of 110316215.
5, 22063243
List the prime factors of 4131806353.
4131806353
What are the prime factors of 95479030?
2, 5, 61, 193, 811
What are the prime factors of 127785563?
59, 2165857
List the prime factors of 1752132890.
2, 5, 61, 1669, 1721
What are the prime factors of 640127608?
2, 80015951
List the prime factors of 339808115.
5, 211, 322093
What are the prime factors of 275746102?
2, 1637, 84223
List the prime factors of 1086878772.
2, 3, 7, 937, 4603
List the prime factors of 99764140.
2, 5, 7, 712601
What are the prime factors of 47255636?
2, 67, 176327
What are the prime factors of 18626712?
2, 3, 13, 227, 263
What are the prime factors of 4234146130?
2, 5, 23, 457, 40283
What are the prime factors of 3008786731?
661, 4551871
What are the prime factors of 671402283?
3, 9067, 24683
List the prime factors of 93495118.
2, 46747559
What are the prime factors of 672883073?
37, 1483, 12263
List the prime factors of 20703358.
2, 13, 23, 89, 389
What are the prime factors of 38570327?
38570327
What are the prime factors of 103215554?
2, 13, 31, 79, 1621
List the prime factors of 44731582.
2, 7, 1567, 2039
What are the prime factors of 180356756?
2, 71, 97, 6547
List the prime factors of 190165846.
2, 13, 7314071
What are the prime factors of 741260860?
2, 5, 17, 2180179
What are the prime factors of 5763842215?
5, 5147, 223969
List the prime factors of 494470440.
2, 3, 5, 19, 24097
What are the prime factors of 1983205195?
5, 101, 3927139
What are the prime factors of 52435248?
2, 3, 29, 139, 271
What are the prime factors of 1010461729?
193, 5235553
List the prime factors of 61358218.
2, 47, 652747
List the prime factors of 76374119.
79, 797, 1213
What are the prime factors of 274595287?
29, 223, 42461
What are the prime factors of 372280397?
372280397
What are the prime factors of 92207061?
3, 71, 144299
What are the prime factors of 629279949?
3, 877, 239179
What are the prime factors of 51059762?
2, 13, 67, 29311
List the prime factors of 170487801.
3, 11, 574033
List the prime factors of 377066589.
3, 2089, 60167
List the prime factors of 642458017.
5309, 121013
List the prime factors of 51618891.
3, 613, 28069
What are the prime factors of 221482045?
5, 44296409
What are the prime factors of 39893939?
19, 61, 34421
What are the prime factors of 1249650232?
2, 67, 967, 2411
What are the prime factors of 486591141?
3, 47, 269, 12829
What are the prime factors of 133836?
2, 3, 19, 587
List the prime factors of 1799871495.
3, 5, 119991433
What are the prime factors of 407264779?
407264779
What are the prime factors of 333552602?
2, 401, 415901
List the prime factors of 207649240.
2, 5, 5191231
List the prime factors of 344669726.
2, 37, 563, 8273
List the prime factors of 691413161.
3313, 208697
List the prime factors of 1755338839.
10069, 174331
What are the prime factors of 106914136?
2, 7, 59, 32359
List the prime factors of 2872524074.
2, 7, 8581, 23911
What are the prime factors of 45581093?
311, 146563
List the prime factors of 1410065799.
3, 17, 433, 63853
What are the prime factors of 63258765?
3, 5, 167, 25253
What are the prime factors of 2682334633?
11, 19, 263, 48799
List the prime factors of 35993755.
5, 7, 1028393
What are the prime factors of 3778981577?
7, 461, 23899
List the prime factors of 3767730845.
5, 137, 2089, 2633
What are the prime factors of 593998071?
3, 17, 11647021
What are the prime factors of 125199713?
17, 131, 3307
What are the prime factors of 1717298127?
3, 190810903
List the prime factors of 318709851.
3, 41, 43, 60259
What are the prime factors of 55487064?
2, 3, 61, 151, 251
List the prime factors of 710229331.
7, 101461333
List the prime factors of 184893840.
2, 3, 5, 9511
What are the prime factors of 766784428?
2, 43, 79, 56431
What are the prime factors of 343756795?
5, 71, 968329
List the prime factors of 5507589545.
5, 23, 47892083
What are the prime factors of 1887468265?
5, 17, 19, 1168711
List the prime factors of 1817550115.
5, 499, 728477
What are the prime factors of 880965326?
2, 179, 2460797
What are the prime factors of 231251234?
2, 41, 277, 10181
List the prime factors of 269349050.
2, 5, 5386981
What are the prime factors of 172492148?
2, 43123037
What are the prime factors of 10609575?
3, 5, 141461
What are the prime factors of 30205142?
2, 11, 1372961
List the prime factors of 70836023.
31, 131, 17443
List the prime factors of 413792438.
2, 206896219
List the prime factors of 52734076.
2, 13183519
List the prime factors of 94731106.
2, 17, 2786209
List the prime factors of 361415536.
2, 22588471
List the prime factors of 546222713.
547, 643, 1553
List the prime factors of 1332330686.
2, 666165343
List the prime factors of 242764552.
2, 30345569
List the prime factors of 331772948.
2, 13, 6380249
List the prime factors of 766274567.
766274567
What are the prime factors of 471251651?
13, 331, 109517
List the prime factors of 3150970478.
2, 197, 7997387
List the prime factors of 158959802.
2, 79479901
What are the prime factors of 33054381?
3, 23, 159683
List the prime factors of 5277747.
3, 1759249
What are the prime factors of 12694404?
2, 3, 37, 28591
List the prime factors of 123164988.
2, 3, 10263749
What are the prime factors of 24814208?
2, 193861
List the prime factors of 606441421.
606441421
What are the prime factors of 1323107383?
13, 37, 2750743
What are the prime factors of 17595738?
2, 3, 499, 653
What are the prime factors of 211240066?
2, 8941, 11813
List the prime factors of 679765492.
2, 7, 53, 458063
What are the prime factors of 3754194753?
3, 359, 3485789
List the prime factors of 818767161.
3, 53, 131, 13103
What are the prime factors of 283583769?
3, 7, 139, 97151
What are the prime factors of 1308095611?
41, 31904771
List the prime factors of 777829041.
3, 11, 2618953
What are the prime fa